j + 268 = 0. What is the units digit of k?
8
Let x(c) = -c - 5. Let r be x(-5). Suppose r = -w + 4*w - 9. Suppose -7 = w*q - 25. What is the units digit of q?
6
Let b(c) = 2*c**3 - 4*c**2 + 2*c + 1. Let i be b(2). Suppose 0*n + i = n, -4*o = -n - 47. What is the tens digit of o?
1
Let v(i) = i**2 + 4*i. Let n be v(-3). Suppose -5*f + 6*f = -4. Let q = n - f. What is the units digit of q?
1
Let x(a) = a**3 - 8*a**2 + a - 8. Let b be x(8). Let v be (b/2)/(-3 - -2). Suppose 3*k - 2*k - g = 7, v = 4*k + 3*g - 56. What is the units digit of k?
1
Let c = 23 - 25. What is the tens digit of (-14 + 3)*c - -4?
2
Suppose 10 + 610 = 4*f. What is the tens digit of f?
5
Suppose -4*r = 0, -j + 3*r + 3 + 1 = 0. Let b(s) = s**2 + 7*s + 8. Let v be b(-6). Let a = j - v. What is the units digit of a?
2
Suppose -348 = -3*r - r. What is the units digit of r?
7
Suppose -7*b - 87 = -8*b. What is the units digit of b?
7
Let i(t) = 0*t - 3*t + 4*t - 8 - 3*t. What is the units digit of i(-9)?
0
Let c(r) = r + 10. Let b be c(-8). Suppose -4*m + b*m + 42 = 0. Suppose 2*w - m = -w. What is the units digit of w?
7
What is the units digit of (12/4)/(-3) - -10?
9
Suppose -24 = -4*y + 4*d, -d + 1 - 2 = 0. Suppose 0 = -5*m + 19 - 4, y*s + 5*m = 135. What is the units digit of s?
4
Let x = -78 + 182. What is the tens digit of x?
0
What is the tens digit of (56 - -1) + 2 + -6?
5
Let h = -2 + 6. Suppose h*z + z - 115 = 0. Suppose -5*y + z = -12. What is the units digit of y?
7
Let h(g) = -g - 4. Let a be h(11). What is the units digit of (3/2)/(a/(-20))?
2
Let v(y) = y**2 + 16*y - 44. What is the tens digit of v(11)?
5
Let l be (-2)/5 + 208/20. Let w = l + -1. What is the units digit of w?
9
Suppose 0 = 2*j - 1 - 9. Suppose 0 = -6*c + j*c + 14. What is the units digit of c?
4
Suppose 2*i = 4*i - 4. Let o be (21/12)/(i/136). What is the units digit of o/13 + (-4)/26?
9
Suppose 0 = -u - y, -2*y + 36 = -5*u + 2*y. What is the units digit of (-2)/u - (-133)/14?
0
Suppose 2*f + 2*f = 0. Suppose 5*a + 7 = 3*t - 0*a, -3*t - a + 13 = f. What is the units digit of t?
4
Suppose -2*k - 13 = -2*l + 5, 2*l = 4*k + 28. Suppose 0 = 5*a + 5*w - 3*w + 21, -l*w = 4*a + 24. What is the units digit of (2 + a)*-1*11?
1
Let s(o) = o**3 + 5*o**2 - 2*o - 1. Let h be s(-4). Suppose -3*l = 8 - h, -4*l + 1 = -p. What is the units digit of p?
9
Suppose 0 = -4*t - 3*l + 9, -t = l - 4*l - 6. Suppose -t*f - 2 + 23 = 0. What is the units digit of f?
7
Let a be (-2)/6 + 43/3. Suppose 5*c + a = 4*g, 2*c + 7 = -g + 4*g. What is the units digit of g?
1
Let z(w) = -11*w - 4. What is the tens digit of z(-2)?
1
Let b(n) = n**3 - n**2 - 3*n + 2. Let c be b(2). Suppose c = -4*r + 13 - 5. Suppose -m + 18 = r*m. What is the units digit of m?
6
Let u = -3 - -8. Suppose -5*r + 0*y = 4*y - 104, 5*y = u*r - 140. What is the units digit of r?
4
Suppose -2*j + 2*p - 3 = 13, 2*j + 2*p + 4 = 0. Let h = 5 + j. Suppose h*f + 20 = 4*f. What is the units digit of f?
5
Suppose -4*v - 7 = -31. Let w = -2 + v. Suppose 1 = w*s - 3. What is the units digit of s?
1
Let m(q) = -2*q - 15. What is the units digit of m(-8)?
1
Suppose -3*i = c - 28, 2*i - 7*i - 25 = 0. What is the tens digit of c?
4
What is the units digit of (-8)/(-2) + -5 - -15?
4
Let b be (-2)/(-4) + 11/2. Let x = 9 - b. What is the units digit of x?
3
Suppose -5*q - 3*s + 105 = 0, 5*q - 65 = 8*s - 3*s. What is the tens digit of q?
1
Let n(g) be the second derivative of -g**3/3 - 2*g**2 - g. What is the units digit of n(-7)?
0
Let i(j) = j**3 + 6*j**2 + 7*j + 3. Let t be i(-5). Let u = -5 - t. What is the units digit of u?
2
Suppose 5*h + 100 = 325. Suppose 3*v = -3*y + h, -v + 2*v - y = 7. What is the tens digit of v?
1
Let v = -2 - -1. Let i be 55/10 - (-12)/(-8). What is the units digit of 3/4 - v/i?
1
Let p be (0 + 12)*1/(-2). Let c be (3*(-2)/p)/1. Let u = c + 11. What is the units digit of u?
2
Let o = 23 - -29. Let j = o - 8. What is the units digit of j?
4
Let i be (-12)/9*(-30)/4. Let f(r) = -r**2 + 11*r + 5. What is the units digit of f(i)?
5
Let q be 2/(2 - 48/26). Let f be (-3 - (-10 - -3))*-1. Let c = q + f. What is the units digit of c?
9
Suppose 0 = 9*m - 1024 + 241. What is the units digit of m?
7
Suppose -9*i = -478 + 91. What is the units digit of i?
3
Suppose 2*s - 309 = -5*g, g - 2*s = 3*g - 120. What is the units digit of g?
3
Let h(i) = -i**3 + 8*i**2 - 8*i + 7. Let j be h(7). Suppose -4 = -2*n - j*n. What is the units digit of n?
2
Suppose 4*l + l = 10. What is the units digit of l*(-1)/(-4)*2?
1
Let h(t) = t - 4. Let r be h(4). Suppose r = 4*b - 18 - 26. What is the tens digit of b?
1
Let v be (-3)/(3/(-3)*1). Suppose 75 = 2*s + v*s. Suppose 0 = 3*b + s, -b = 2*a + 3*b + 12. What is the units digit of a?
4
Let m be (-40)/(-4)*(-6)/(-10). What is the units digit of (-9)/m*4/(-3)?
2
Let o be 10/30 - 226/(-6). Suppose -4*v + 2*v = -o. What is the tens digit of v?
1
Let j = 5 - -1. Suppose -2*t - 12 = -j*t. Suppose -4*o + t*v + 3 = -3*o, 12 = 4*o - 3*v. What is the units digit of o?
3
Let z = 1 + 3. What is the units digit of z?
4
Suppose 2*w - 3 - 5 = 0. Let h = 4 + w. What is the units digit of h?
8
Suppose 0 = 4*u - 3*u - 18. What is the units digit of u?
8
Suppose 3*x - 12 = 90. What is the units digit of x?
4
Let g(b) = -b - 8. Let r = 9 + 9. Let i be r/(-8)*24/6. What is the units digit of g(i)?
1
Suppose -3*q + 13 = -8. Suppose 3*u = 2*x - q*x + 17, -22 = -5*u - 2*x. What is the units digit of u?
4
Let p = 0 - -2. Suppose 3*u - p*u = -1. What is the units digit of 5/(3/(-3))*u?
5
Suppose 0 = -3*s - 4*n + 28, 0*n - n + 41 = 5*s. Suppose -t + s = -0*t. What is the units digit of t?
8
Let r(p) = 2*p**2 + 5*p + 7. Let o be r(-5). Suppose -n = -2, -4*n + o + 18 = 2*y. What is the units digit of y?
1
Let n be 12/(-54) + (-454)/(-18). Suppose -o = -22 - n. What is the tens digit of o?
4
What is the units digit of (231/44)/(3/8)?
4
Let q = -108 - -58. Let r = 81 + q. Let p = r + -22. What is the units digit of p?
9
What is the tens digit of ((-500)/25)/(-2 + 18/10)?
0
Let j(q) = -20*q + 8. Let s(x) = -5*x + 2. Let k(m) = -2*j(m) + 9*s(m). What is the units digit of k(-2)?
2
Let o = 16 - -92. What is the hundreds digit of o?
1
Suppose 78 = 6*q - 3*q. What is the units digit of q?
6
Suppose 6*s = s + 120. What is the tens digit of s?
2
Suppose 0 = -f + u + 2*u + 87, 2*u = -5*f + 350. What is the units digit of f?
2
Suppose 0 = -5*c - 4 + 14. What is the units digit of c?
2
Suppose 3 = 2*v - 5. Suppose 0 = -v*r - t - 7 + 53, -r = -t - 14. What is the tens digit of r?
1
Let w = 20 + 5. Suppose -5*d + 64 = -3*h, w = 2*d - 0*d - h. What is the units digit of d?
1
Let t(n) = -n**2 - n - 1. Let m(r) = -4*r**2 - 6*r - 11. Let j(c) = -m(c) + 5*t(c). What is the units digit of j(0)?
6
Suppose 3*u = -0 + 6. Let l(v) = 5*v - 2 + 1 - v. What is the units digit of l(u)?
7
Suppose 0 = 3*b - 0*k - k - 376, -4*k = 4. Suppose -5*o = 3*t - 67, -t + 5*o + b = 4*t. What is the tens digit of t?
2
Let c = 34 + -14. What is the units digit of c?
0
What is the tens digit of (-8)/(-3*(-1)/(-6))?
1
Let p be 10/55 - (-172)/22. What is the tens digit of p/60 + (-489)/(-45)?
1
Suppose -19 - 53 = -4*c. What is the tens digit of c?
1
Let n(i) = i**2 + i - 14. What is the tens digit of n(7)?
4
Let k = -1 + -12. Let a = -3 - k. What is the tens digit of a?
1
Suppose -3*p = 12, -1084 = -4*r - 0*r + 5*p. What is the units digit of r?
6
Let b(o) = -3*o**3 - 2*o**2 + 1. Let d be b(-1). Let n(q) = 2*q**2 - 9*q**3 + 8*q**3 + q + 0*q + 1. What is the units digit of n(d)?
3
Let q(n) = -n**2 - 8*n + 13. Let y be q(-9). What is the units digit of (y/3)/(18/27)?
2
Let j = 3 - 1. Suppose 0*k - 10 = j*k. What is the units digit of (-138)/(-10) - 1/k?
4
Let u = 6 - 5. Suppose 0 = -c - 2 - u. Let j(n) = -n**3 - 3*n**2 - n. What is the units digit of j(c)?
3
Suppose 5*k - 3*t = -14, 3*t - t - 6 = 0. Let i be ((-1)/k)/((-4)/(-16)). Suppose 0 = i*u - 5*u + 3*a, 0 = -u + 5*a - 4. What is the units digit of u?
6
Let c(w) be the first derivative of 3*w - 2 - w**2 - 1/4*w**4 + 5/3*w**3. What is the units digit of c(4)?
1
Let s(a) = a**2 - a + 26. Let h = 2 + -2. Let w be s(h). Suppose -3*t = 2 - w. What is the units digit of t?
8
Let w(p) = p**3 - 2*p**2 + 2. Let a be w(2). Suppose -y = -a*y + 20. What is t